{"id":35,"date":"2024-05-21T22:36:58","date_gmt":"2024-05-21T19:36:58","guid":{"rendered":"http:\/\/k1belgesi.com.tr\/?page_id=35"},"modified":"2026-04-16T11:28:15","modified_gmt":"2026-04-16T08:28:15","slug":"k1-belgesi-fiyatlari-2025","status":"publish","type":"page","link":"https:\/\/www.kiralikl1belgesi.com.tr\/kiralik-k1-belgesi\/kiralik-l1-belgesi\/kiralik-k-belgesi\/k1-belgesi-fiyatlari-2025\/","title":{"rendered":"k1 belgesi ileti\u015fim"},"content":{"rendered":"\n<p>L1 BELGES\u0130 K\u0130RALAMA<\/p>\n\n\n\n<p>Adres: Mahmudiye mahallesi, Kuvayi milliye caddesi, Metropol i\u015f merkezi B\/Blok Kat:4 No:155&nbsp;&nbsp; Akdeniz\/Mersin<\/p>\n\n\n\n<p>ileti\u015fim numaralar\u0131m\u0131z: <\/p>\n\n\n\n<p>GSM: 0542 420 14 38<\/p>\n\n\n\n<p>Sabit: <strong>0324 606 07 94<\/strong><\/p>\n","protected":false},"excerpt":{"rendered":"<p>L1 BELGES\u0130 K\u0130RALAMA Adres: Mahmudiye mahallesi, Kuvayi milliye caddesi, Metropol i\u015f merkezi B\/Blok Kat:4 No:155&nbsp;&nbsp; Akdeniz\/Mersin ileti\u015fim numaralar\u0131m\u0131z: GSM: 0542 420 14 38 Sabit: 0324 606 07 94<\/p>\n","protected":false},"author":1,"featured_media":0,"parent":0,"menu_order":0,"comment_status":"closed","ping_status":"closed","template":"","meta":{"footnotes":""},"_links":{"self":[{"href":"https:\/\/www.kiralikl1belgesi.com.tr\/kiralik-k1-belgesi\/kiralik-l1-belgesi\/kiralik-k-belgesi\/wp-json\/wp\/v2\/pages\/35"}],"collection":[{"href":"https:\/\/www.kiralikl1belgesi.com.tr\/kiralik-k1-belgesi\/kiralik-l1-belgesi\/kiralik-k-belgesi\/wp-json\/wp\/v2\/pages"}],"about":[{"href":"https:\/\/www.kiralikl1belgesi.com.tr\/kiralik-k1-belgesi\/kiralik-l1-belgesi\/kiralik-k-belgesi\/wp-json\/wp\/v2\/types\/page"}],"author":[{"embeddable":true,"href":"https:\/\/www.kiralikl1belgesi.com.tr\/kiralik-k1-belgesi\/kiralik-l1-belgesi\/kiralik-k-belgesi\/wp-json\/wp\/v2\/users\/1"}],"replies":[{"embeddable":true,"href":"https:\/\/www.kiralikl1belgesi.com.tr\/kiralik-k1-belgesi\/kiralik-l1-belgesi\/kiralik-k-belgesi\/wp-json\/wp\/v2\/comments?post=35"}],"version-history":[{"count":7,"href":"https:\/\/www.kiralikl1belgesi.com.tr\/kiralik-k1-belgesi\/kiralik-l1-belgesi\/kiralik-k-belgesi\/wp-json\/wp\/v2\/pages\/35\/revisions"}],"predecessor-version":[{"id":344,"href":"https:\/\/www.kiralikl1belgesi.com.tr\/kiralik-k1-belgesi\/kiralik-l1-belgesi\/kiralik-k-belgesi\/wp-json\/wp\/v2\/pages\/35\/revisions\/344"}],"wp:attachment":[{"href":"https:\/\/www.kiralikl1belgesi.com.tr\/kiralik-k1-belgesi\/kiralik-l1-belgesi\/kiralik-k-belgesi\/wp-json\/wp\/v2\/media?parent=35"}],"curies":[{"name":"wp","href":"https:\/\/api.w.org\/{rel}","templated":true}]}}